q. Let j(s) = s**2 + 7*s - 3. Give j(i).
-3
Let k(m) = -m**2 - 7*m - 10. Let z(d) = -d**3 - 15*d**2 - 35*d + 5. Let b(n) = 7*n + 100. Let c be b(-16). Let t be z(c). Give k(t).
-10
Let v(t) = -t**2 + t + 16. Let y = 215 + -212. Let s be v(y). Let h(r) = -r**3 + 11*r**2 - 11*r - 1. Determine h(s).
-11
Suppose 125*g + 1140 = 3515. Let o(h) = h**2 - 20*h + 40. What is o(g)?
21
Let t(g) = g**2 + 4. Suppose 0 = 3*u - 3*h - 54, -5*h - 11 - 7 = -u. Let i(x) = x**3 - 2*x**2 + 18. Let d be i(0). Let r be (d/10)/(u/30). What is t(r)?
13
Let q(z) = z**3 + 11*z**2 + 2*z + 15. Let c = -117 + -64. Let u = c + 170. What is q(u)?
-7
Let b(g) = -g**3 + 7*g**2 + 7*g + 17. Suppose -139 = -30*d + 101. Calculate b(d).
9
Let s be (1 + (-10)/4)*(-1102)/87. Suppose 2*k - 4 - 10 = -w, 3*k = -w + s. Let x(d) = 1 - 1 - 3*d**2 - 2*d**2 + d**3 + 5 - w*d. What is x(6)?
17
Let r be ((-3)/(-2))/(-5 - (-217)/42). Let h = 5 - r. Let c(g) = 17*g**2 - 25*g - 1. Let v(b) = 3*b**2 - 5*b. Let p(j) = 2*c(j) - 11*v(j). Determine p(h).
-6
Let v(m) be the third derivative of -m**6/120 + m**5/60 + m**4/8 - 2*m**3/3 - 2*m**2 + 36. Let u(s) = -2*s**2 - 45*s - 246. Let q be u(-10). Calculate v(q).
-40
Let d(k) = -k - 4*k + 10*k - 4*k. Let q = 6 - 8. Calculate d(q).
-2
Let h(j) be the second derivative of 11*j**4/12 + j**3 - 21*j**2/2 + 217*j - 2. Give h(3).
96
Let o be -12*(7 - (-7 - 664/(-48))). Let d(h) = -5*h**2 + 4*h + 7. What is d(o)?
-21
Suppose u - 326 = -5*f - 327, 2*u + f - 16 = 0. Let s(r) = 43*r - 384. Give s(u).
3
Suppose -1330 = -58*d + 53*d. Let o = d + -271. Let t(s) = 2*s + 4. Determine t(o).
-6
Let n(i) = -24*i + 46. Let c(a) = 122*a - 238. Let u(z) = 3*c(z) + 16*n(z). What is u(0)?
22
Let n(p) be the third derivative of -p**6/120 + 2*p**5/15 + 5*p**4/24 + 16*p**3/3 - 4259*p**2. Give n(9).
-4
Let p(z) = 278*z + 2213. Let k be p(-8). Let r(n) = -n**3 - 12*n**2 - 10*n - 5. Calculate r(k).
-16
Let v(r) be the third derivative of -10*r + 0 + 1/2*r**3 + 6*r**2 - 7/24*r**4. What is v(7)?
-46
Let z(l) be the first derivative of -l**4/4 + l**3 + l**2/2 + 2*l - 8534. Determine z(0).
2
Suppose 0 = -0*d + 2*d + 3*d. Let p be (10 - d)/((-3)/(3/(-2))). Suppose 27 = p*h - 3*x, 1 = x - 0. Let z(o) = o**3 - 5*o**2 - 5*o - 8. What is z(h)?
-2
Let n(m) = m**3 - 9*m**2 - 5*m + 2. Let c(k) = 4*k**3 + 32*k**2 - 58*k - 455. Let a be c(-8). Calculate n(a).
-43
Let a(q) = 4*q**3 - 5*q**2 + 15*q - 21. Let y be a(4). Suppose 145 = -30*i - y. Let u(z) = -z**3 - 12*z**2 + z + 10. Calculate u(i).
-2
Let f(x) be the third derivative of -5*x**7/1008 - 7*x**5/60 + x**3/2 + 80*x**2. Let l(o) be the third derivative of f(o). Calculate l(-1).
25
Let b(a) be the first derivative of 5*a**2 - 15*a + 686. Give b(7).
55
Let f be (4/14)/(12*(-7)/(-294)). Let j(i) = 6*i**3 - f + 5*i + 7*i**3 - 10*i**2 + 3*i - 12*i**3. Give j(9).
-10
Let t(c) be the first derivative of -57*c**2/2 + 2*c + 17. Let r be t(-1). Let h = -57 + r. Let k(w) = -w**3 - 2*w**2 + 3*w. Give k(h).
-10
Let l(r) be the second derivative of r**4/6 - 5*r**3/6 + r**2 - 3*r. Let x = 88 + -91. Let g be 0 + (-3 + 4 - x). What is l(g)?
14
Let o(b) be the second derivative of -b**6/120 + b**5/4 - 13*b**4/24 + 4*b**3/3 + 75*b**2 + 22*b - 3. Let n(v) be the first derivative of o(v). What is n(14)?
22
Let a be (975/(-650))/(1/10). Let s(i) = -9*i - 35. Calculate s(a).
100
Let d(t) be the third derivative of t**4/8 + 2*t**3 - 2231*t**2. Give d(6).
30
Let b(s) be the third derivative of -s**6/720 + 13*s**5/120 + 4*s**4 - 117*s**2. Let j(g) be the second derivative of b(g). Determine j(0).
13
Let v(t) = 24 - 2*t**2 - 601*t + 1154*t - 589*t. Determine v(-17).
58
Let r(c) = 43*c**2 + 48*c**2 + 0 + 58*c**2 + 3 - 136*c**2. Determine r(-3).
120
Let f(c) = 20*c**2 + 6*c - 5. Let l(h) = -18*h**2 - 5*h + 4. Let s(a) = 5*f(a) + 6*l(a). Let k(n) = n**2 - 20*n - 68. Let q be k(23). Give s(q).
-9
Let h(r) = r**2 + 7*r + 4. Let u be 21/(-6) - (-4)/8. Let t = 294 + -292. Let x be (-14)/t + 0 - u. Calculate h(x).
-8
Let d(r) be the third derivative of -52*r**2 + 0 - 2/3*r**3 - 2*r - 1/6*r**4 + 1/20*r**5. Determine d(4).
28
Let a(h) = h**3 + 9*h**2 + 9*h + 2. Let z = -7633 + 7628. Give a(z).
57
Suppose 49*c + 0*c = 294. Let i(b) = -b**3 + 5*b**2 + 7*b - 9. Give i(c).
-3
Let c(i) be the third derivative of -i**6/120 - 3*i**5/20 + 5*i**4/8 + 5*i**3/6 + 56*i**2 + 2*i + 15. Give c(-10).
-45
Let w be 175/(-6) - 5/(-60)*2. Let j(q) = q**3 + 31*q**2 + 58*q + 6. Determine j(w).
6
Suppose -6 = -2*i - i. Let s(g) = 19*g + 13. Let b be (63/28)/(3/(-8)). Let r(t) = 10*t + 7. Let q(m) = b*s(m) + 11*r(m). Give q(i).
-9
Let r(l) = 89*l + 5239. Let m be r(-59). Let t(u) = -26*u - 313. Give t(m).
-1
Let y(u) be the first derivative of 2*u**2 + 6*u + 133. Suppose 59*t + 177 = -0*t. What is y(t)?
-6
Let i(n) = n**2 - 5*n - 2. Let u(z) = -9*z**2 + 39*z + 20. Let g(o) = 8*i(o) + u(o). Give g(-2).
2
Suppose -165*r = -151*r - 2772. Let k = 203 - r. Let i(a) = -a**3 + 5*a**2 - 2*a + 12. Determine i(k).
2
Let u(k) = 2*k**3 + 58*k**2 + 2*k + 63. Let d be u(-29). Let i(c) = 7*c - 36. Let s be i(d). Let j(f) = -4*f - 1. Give j(s).
3
Let h(g) = -g**3 - 4*g**2 + 5*g - 3. Suppose -l - r = -0*l + 10, l - 6 = 3*r. Let o be -1*(-12)/(-9)*l. Suppose -3*s - s - 18 = i, 0 = -4*i + o. Determine h(s).
-3
Let i(a) = 8*a**2 - 8*a - 11. Let h(y) = 6*y**2 - 7*y - 9. Suppose 32*m - 18*m = -42. Let f(j) = m*h(j) + 2*i(j). What is f(4)?
-7
Suppose 0 = -4*i - 8*j + 3*j + 34, 0 = -4*j + 8. Let m(h) = 5*h + 9 + 2*h + 5*h - i*h - h**2. What is m(7)?
2
Let q(c) = 835*c**2 + c**3 - 409*c**2 + 5 - 416*c**2 - 23. Calculate q(-10).
-18
Let a be (-212)/(-44) + 2 + 9 - 2/(-11). Let c(y) = -2*y - 23. Determine c(a).
-55
Let a(j) = j + 11. Let k = 10612 - 10606. Calculate a(k).
17
Let o be ((-5)/(-1) + -1)/1. Let r be 12/2*o/6. Let u(k) be the second derivative of -k**5/20 + k**4/3 - k**3/6 + 3*k**2/2 - 2652*k. Calculate u(r).
-1
Let p(j) be the second derivative of 6*j + 7/2*j**2 - 1/12*j**4 + 1/6*j**3 + 0. Suppose 71*g = 62*g. Give p(g).
7
Let n(v) = -4*v + 92 - 40 - v**2 - 19 + 98. Give n(-14).
-9
Let z(q) be the second derivative of q**6/120 + q**5/15 + q**4/8 + q**3/6 + 63*q**2/2 - 18*q. Let u(x) be the first derivative of z(x). Determine u(-2).
3
Let l = 14 + 3. Suppose -4*u + 31 = -5*s - 6*u, 3*s + l = -2*u. Let r(h) = -129 + 11*h + 63 + 6*h**2 + 65 + h**3 - 16*h. Give r(s).
-15
Let j(f) = f - 34. Suppose -28*b = -39*b + 81 + 172. Give j(b).
-11
Let w(q) = -14*q - 150 + 26 + 16 + 44 + 0*q. Give w(-4).
-8
Let p(i) = -i**2 - 25*i - 130. Let r(t) = t**2 + 3*t - 17. Let s be r(-3). Calculate p(s).
6
Let j(i) = -i**3 - 2*i**2 + 4*i - 18. Let q be j(-4). Let m be (q/8)/((-13)/(-52)). Let c(o) = -19*o - 1. Calculate c(m).
18
Let a(n) = -17*n + 615. Suppose 3*u = 5*d + 128, -2*u = 12*d - 15*d - 84. Determine a(u).
3
Let a(k) = -k - 4. Let f(m) = -4*m**3 - m. Let w be f(-1). Let o be -9 + (w - (0 + 2)). Determine a(o).
2
Let o(s) = -s - 22. Let i be (28/21)/((-124)/24 - -5). Calculate o(i).
-14
Let m(y) = -5*y**2 + 21*y + 34. Let q(w) = -w**2 + 5*w + 8. Let j(p) = -2*m(p) + 9*q(p). Suppose 0 = -r + 2*o - 11, -4*r + 7*r - o + 13 = 0. Determine j(r).
4
Let o(m) = -m**2 + 6*m - 4. Let g(b) = b**2 - b. Let u(y) = 3*g(y) + o(y). Suppose 5*s + 4*a = 3*s - 862, 859 = -2*s - 5*a. Let w = s + 434. Calculate u(w).
5
Let n(p) = p**3 - 14*p**2 - 2*p + 23. Let v be 22 + -16 - (-1 - 7). Calculate n(v).
-5
Let s(q) be the second derivative of -2*q**3/3 - 3*q**2/2 - 2390*q. Suppose 5*g + 4 = -2*v + 3*v, -4*g - 4 = -v. Determine s(v).
-19
Let h(u) be the first derivative of -u**5/20 - u**4 - 5*u**3/3 + 3*u**2/2 - 273*u + 155. Let t(j) be the first derivative of h(j). Give t(-11).
-8
Let u(y) = -1969*y - 11819. Let d be u(-6). Let c(m) = m + 20. Give c(d).
15
Suppose 4*g - 18 = 2*s, 4*s = -0*g + 4*g - 24. Suppose g*h = -3*a + 8*h + 13, h + 1 = a. Let y(p) = -3 - 4*p**2 + 2 - 1 - 178*p**3 + 177*p**3. Calculate y(a).
-2
Let n(t) = -31496*t - 7*t**2 + 63000*t - t**3 - 31497*t + 70. Give n(-6).
-8
Let c(n) = -16*n**2 - 2*n**3 - 5*n + 5*n**3 - 2*n**3 + 23*n - 47. Determine c(15).
-2
Suppose -3*o + 7*o = 44. Let p(l) = -3*l**2 - 4*l - 9. Let w be (2 + -1)*15/(240/32). Let y(k) = 16*k**2 + 20*k + 46. Let b(h) = o*p(h) + w*y(h). Give b(-5).
-12
Let r = 113 